50. List the prime factors of p.
3, 17
Let w(z) = 9 - z + 5*z**2 - 4 - 9*z**2. Let h be w(-4). List the prime factors of (-148)/5*h/22.
2, 37
Let h(v) = v**3 + 8*v**2 + 8*v + 18. Let r be h(-6). Let t(k) = -3*k**2 + k + 2. Let x be t(3). Let z = r + x. List the prime factors of z.
2, 5
Suppose 50*f - 46*f - 19146 = -5*l, -23947 = -5*f + l. What are the prime factors of f?
4789
Let h = 12325 - 6077. What are the prime factors of h?
2, 11, 71
Let l(x) = 159*x**2 + 79*x + 9. List the prime factors of l(-4).
2237
Let j be (3 - (-15)/(-2))*-4. Suppose 4*l = 2*m + 72, -3*m + j + 2 = 2*l. Suppose -5*z = -2*s - s + 49, 2*z = s - l. What are the prime factors of s?
2, 3
Suppose -4*a = -5*m + 33, -a = 4*m - 4*a - 26. Suppose -m*x + 5*v - 6 + 51 = 0, x - 2*v = 12. Suppose -q - x*q + 189 = 0. What are the prime factors of q?
3
Suppose -10 = -6*i + 2. Suppose -i*n + n + 89 = 0. List the prime factors of n.
89
Let x = 336 - 104. What are the prime factors of x?
2, 29
Suppose -2*f - j + 3365 = 0, 5*j - 11 = -26. List the prime factors of f.
2, 421
Let w = 393 - -433. List the prime factors of w.
2, 7, 59
Let o be 8/20 - -121*12/20. Suppose -35 = -l + 4*z, z + o = 4*l - 67. What are the prime factors of l?
5, 7
What are the prime factors of 969904/416 - (-2)/(-4)*-5?
2, 3, 389
Suppose -m + 5*v + 1704 = m, -852 = -m + 2*v. What are the prime factors of m?
2, 3, 71
Suppose -4*b - 18 = 14. Let j = b + 10. Suppose -j*q + 29 - 5 = 0. List the prime factors of q.
2, 3
What are the prime factors of -5 - (7 + 2)*(-15950)/75?
23, 83
Suppose c - 3*c + 1172 = 0. List the prime factors of c.
2, 293
Let n = -36 + 40. Suppose n*a = -5*l - 176 + 609, -3*a = 5*l - 331. List the prime factors of a.
2, 3, 17
Suppose 20 = -4*u, 0 = -5*v + 3*v - 5*u + 733. List the prime factors of v.
379
Let t = 1552 + -167. Suppose -308 = 5*g + 4*w - t, -216 = -g - w. List the prime factors of g.
3, 71
Let s(p) = -p**2 + 6*p - 42. Let x(h) = 3*h**2 - 14*h + 85. Let q(g) = -5*s(g) - 2*x(g). Let t = 1 + -1. What are the prime factors of q(t)?
2, 5
Suppose s + 161 = -i + 1089, 3*i - 3707 = -4*s. List the prime factors of s.
13, 71
Let n be (94/10)/((-1)/(-5)). Let f = n - 26. Suppose 5*j + b - 54 = f, -5*j + 75 = 2*b. List the prime factors of j.
3, 5
Let u = -52 - -22. Let n = -4 - u. List the prime factors of n.
2, 13
Let k(u) = u**2 + 8*u - 8. Suppose -m + 7 = -2*m. Let x = m - 3. What are the prime factors of k(x)?
2, 3
Let w(z) = 7*z + 12. Let y(c) = -120*c - 205. Let r(p) = -35*w(p) - 2*y(p). Suppose 0 = -4*a - 2*a - 24. List the prime factors of r(a).
2, 5
Let q(d) = d**3 + 10*d**2 + 8*d + 1. Let u be q(-4). Suppose -6*s = -103 - u. List the prime factors of s.
2, 7
Suppose -5*w + 30 = -2*w. Let n = w - 8. What are the prime factors of ((-1)/n)/(2/(-92))?
23
Suppose -5*v - j - j + 10 = 0, -4*v - j = -8. Suppose 0*o + 20 = 5*o, -o + 146 = v*s. List the prime factors of s.
71
Let m(h) = 232*h**3 + 13*h - 15. Let b(y) = 116*y**3 + 6*y - 7. Let a(o) = 13*b(o) - 6*m(o). List the prime factors of a(1).
5, 23
Let r = -923 - -1359. List the prime factors of r.
2, 109
Suppose -5*k - 7*n + 4086 = -3*n, -4 = -n. What are the prime factors of k?
2, 11, 37
Let d(l) = -l**2 + 21*l - 46. What are the prime factors of d(9)?
2, 31
Suppose k = 6*k + r, -4*k + r = 0. Let p = 54 + k. What are the prime factors of p?
2, 3
Let f(m) = -19*m - 87. What are the prime factors of f(-8)?
5, 13
Let j = 440 - 296. List the prime factors of j.
2, 3
Let w = 3 + 2. Suppose 351 = 4*x + 3*s, 5*s = -x + 37 + 38. Suppose v - 4*m = 13, w*v + 0*m + 5*m = x. What are the prime factors of v?
17
Let c(k) = 16*k. Let a be c(-1). Let z = 33 - 8. Let y = a + z. What are the prime factors of y?
3
Suppose 0 = -37*i + 1643 + 15340. List the prime factors of i.
3, 17
Let m = -379 + 2551. List the prime factors of m.
2, 3, 181
Suppose 0 = 5*s + 4*k + 21 - 68, 2*k = 6. Suppose -2*m + 112 + s = -l, 0 = m - 4*l - 63. What are the prime factors of m?
59
Let m be -38*1*(-13)/2. Let y = m - 106. List the prime factors of y.
3, 47
Let r(c) = -c - 3. Let d be r(-4). List the prime factors of -1 - ((-244)/(d - 5))/(-1).
2, 3, 5
Let p(m) = m**3 + 28*m**2 + 49*m. Let v be p(-24). Suppose -3*d + v = 3*d. List the prime factors of d.
2, 47
Let g be -19 + 0/4 + 3. Let w = g + 33. List the prime factors of w.
17
Let w = 354 - 169. Suppose 4*o - w = -o. List the prime factors of o.
37
Let h(z) = z + 14. Let g be h(-9). Suppose g*d + 2 = -13. List the prime factors of 75 + d + 12/4.
3, 5
Suppose -2*l - 92 = -4*p, 59 - 13 = 2*p - 3*l. Let s = -119 + 169. Let o = s - p. What are the prime factors of o?
3
Let i(r) = 2*r + 12. Let l be i(0). Let t(x) = 3*x + 0*x - x + 8. What are the prime factors of t(l)?
2
Suppose -3*j - 4*z + 2702 = 0, 1313 + 3167 = 5*j + 2*z. What are the prime factors of j?
2, 3, 149
Let x be (-88)/9 + (-2)/9. Let z = x - -6. Let r = 14 + z. What are the prime factors of r?
2, 5
Let t(y) = 22*y**3 + 6*y**2 - 38*y + 11. List the prime factors of t(4).
29, 47
Let a(j) = -j**3 - 10*j**2 - 9*j - 11. Let c be a(-9). Let x(p) = -p**2 - 13*p - 3. What are the prime factors of x(c)?
19
What are the prime factors of ((-9)/(-27))/((-1)/(-603))?
3, 67
Let a(o) = 12*o + 3*o**3 + 4 + 9*o**2 - 2*o**3 - 2*o**3. What are the prime factors of a(10)?
2, 3
What are the prime factors of (-3855)/6*42/(-35)?
3, 257
Suppose 4*z - 2*j = -z + 200, -j = -5*z + 200. Suppose -2*y + z = -10. What are the prime factors of y?
5
Let c be (-32)/(0 + 3 + -5). Suppose -2*x = 2*x - c. Suppose -5*y = -x*y - 22. What are the prime factors of y?
2, 11
Suppose 3*h + 208 = 2*h + 3*x, -5*h - 1040 = 4*x. Let t = 547 + h. What are the prime factors of t?
3, 113
Let u(d) = -14*d - 15 - 14*d + 60*d - 4. List the prime factors of u(4).
109
Suppose -3*p - 27 = 3*s, -2*s + 5*s + 12 = 2*p. Let d(b) = b + 1. Let o(k) = -2*k - 10. Let u(x) = s*d(x) - o(x). What are the prime factors of u(-3)?
2
Suppose 15*n - 2 = 13*n. List the prime factors of n/((2/24)/((-174)/(-18))).
2, 29
Let r(z) = z**3 - 2*z**2 + 3*z - 2. Let n be r(2). List the prime factors of (-3855)/(-60) + (-1)/n.
2
Let o(x) = x**3 - x**2 - 3*x + 81. Let g be o(0). Let k = g - -149. List the prime factors of k.
2, 5, 23
What are the prime factors of ((-984)/(-36))/(6/216)?
2, 3, 41
Suppose 19 = 4*o + 91. Let d(c) = c**3 + 18*c**2 + c + 18. Let s be d(o). Suppose -3*n = -s*n - 150. What are the prime factors of n?
2, 5
Suppose 11*y - 7*y - 222 = -3*b, -163 = -3*y - 4*b. List the prime factors of y.
3, 19
Suppose -r = 2*o + r + 36, -60 = 5*o - r. Let j = 11 + o. List the prime factors of (28/5)/(j/(-10)).
2, 7
Let m be 18*(-2)/(-8)*4. Suppose -n + 4 = 3*t - 2, -4*n + 2*t = 4. Suppose 5*l - 163 + m = n. List the prime factors of l.
29
Let t(c) = -c**3 - 3*c**2 + 4*c + 3. Let f be t(-4). Let x be 0 + 0 + -3 + f. Suppose 3*h - 5*w - 75 = x, 2*h + w = -0*h + 37. What are the prime factors of h?
2, 5
Suppose 4*i + i - 2 = -2*m, 4*i - 4*m = 24. Let k be (-6 - 54/(-9))/1. Suppose k*n = i*n - 136. List the prime factors of n.
2, 17
Let r = 505 + 1100. List the prime factors of r.
3, 5, 107
Let h = 535 - 487. What are the prime factors of h?
2, 3
Suppose 26 = 8*r - 14. Suppose r*s - 2*d = 787, -5*s - 5*d + 656 = -s. List the prime factors of s.
3, 53
Suppose 21*l - 25 = 16*l. Suppose 2*a + 44 = 4*s - 14, a + 35 = l*s. Let d = a - -47. What are the prime factors of d?
2, 11
Let n(x) = 1 + 4*x + 5 + 6*x + 6. What are the prime factors of n(8)?
2, 23
Let q(t) = t**3 + t**2 - t + 19. Let l be q(0). Suppose -3*a + 2*d = 8, -3*a - d - 12 - 11 = 0. Let s = a + l. What are the prime factors of s?
13
Let p be (-8)/32 + (-1153)/(-4). Suppose -2*q = -5*i - p, 60 = q + i - 98. What are the prime factors of q?
2, 7, 11
Let y(n) = -4*n**3 + n**2 + 2*n + 1. Suppose -5*z = -3*a - 25, -4*a + 6*a = -5*z. Let k(c) = c**2 + 5*c - 2. Let d be k(a). List the prime factors of y(d).
3, 11
Suppose -314 = -5*o + 131. Let m = -4 + -45. Let f = m + o. List the prime factors of f.
2, 5
Let i(w) = 43*w - 4. Let b be i(4). Suppose 2*j = 3*j - b. What are the prime factors of j?
2, 3, 7
Let i be (-1)/(1/(-18)*1). Let t = 70 - i. What are the prime factors of t?
2, 13
Let z(a) = 2*a**3 - 11*a**2 + 9*a - 36. Let c be z(10). Suppose -5*s - 239 = -c. What are the prim